{"id":8,"date":"2019-05-24T07:47:23","date_gmt":"2019-05-24T07:47:23","guid":{"rendered":"http:\/\/programabarrestaurante.com\/?page_id=8"},"modified":"2019-05-27T08:26:02","modified_gmt":"2019-05-27T08:26:02","slug":"home-page","status":"publish","type":"page","link":"https:\/\/programabarrestaurante.com\/","title":{"rendered":"\u00bfQue programa para bar-restaurante elegir?"},"content":{"rendered":"\t\t<div data-elementor-type=\"wp-post\" data-elementor-id=\"8\" class=\"elementor elementor-8\">\n\t\t\t\t\t\t<section class=\"elementor-section elementor-top-section elementor-element elementor-element-3106b991 elementor-section-boxed elementor-section-height-default elementor-section-height-default\" data-id=\"3106b991\" data-element_type=\"section\" data-e-type=\"section\">\n\t\t\t\t\t\t<div class=\"elementor-container elementor-column-gap-default\">\n\t\t\t\t\t<div class=\"elementor-column elementor-col-100 elementor-top-column elementor-element elementor-element-7f71b928\" data-id=\"7f71b928\" data-element_type=\"column\" data-e-type=\"column\">\n\t\t\t<div class=\"elementor-widget-wrap elementor-element-populated\">\n\t\t\t\t\t\t<div class=\"elementor-element elementor-element-47ff5f7 elementor-widget elementor-widget-text-editor\" data-id=\"47ff5f7\" data-element_type=\"widget\" data-e-type=\"widget\" data-widget_type=\"text-editor.default\">\n\t\t\t\t<div class=\"elementor-widget-container\">\n\t\t\t\t\t\t\t\t\t<p>El sector de la hosteler\u00eda requiere un ritmo de trabajo muy elevado, de forma que tener un TPV puede acelerar las tareas y hacerlas m\u00e1s sencillas. Hay programas equipados con TPV t\u00e1ctil, funciones de gesti\u00f3n y contabilidad, etc.<\/p>\t\t\t\t\t\t\t\t<\/div>\n\t\t\t\t<\/div>\n\t\t\t\t<div class=\"elementor-element elementor-element-1876e73 elementor-widget elementor-widget-image\" data-id=\"1876e73\" data-element_type=\"widget\" data-e-type=\"widget\" data-widget_type=\"image.default\">\n\t\t\t\t<div class=\"elementor-widget-container\">\n\t\t\t\t\t\t\t\t\t\t\t\t\t\t\t<img fetchpriority=\"high\" decoding=\"async\" width=\"604\" height=\"402\" src=\"https:\/\/programabarrestaurante.com\/wp-content\/uploads\/2019\/05\/screen-3157390_1920-1024x682.jpg\" class=\"attachment-large size-large wp-image-63\" alt=\"\" srcset=\"https:\/\/programabarrestaurante.com\/wp-content\/uploads\/2019\/05\/screen-3157390_1920-1024x682.jpg 1024w, https:\/\/programabarrestaurante.com\/wp-content\/uploads\/2019\/05\/screen-3157390_1920-300x200.jpg 300w, https:\/\/programabarrestaurante.com\/wp-content\/uploads\/2019\/05\/screen-3157390_1920-768x512.jpg 768w, https:\/\/programabarrestaurante.com\/wp-content\/uploads\/2019\/05\/screen-3157390_1920.jpg 1920w\" sizes=\"(max-width: 604px) 100vw, 604px\" \/>\t\t\t\t\t\t\t\t\t\t\t\t\t\t\t<\/div>\n\t\t\t\t<\/div>\n\t\t\t\t<div class=\"elementor-element elementor-element-49ea310b elementor-widget elementor-widget-text-editor\" data-id=\"49ea310b\" data-element_type=\"widget\" data-e-type=\"widget\" data-widget_type=\"text-editor.default\">\n\t\t\t\t<div class=\"elementor-widget-container\">\n\t\t\t\t\t\t\t\t\t<h3>\u00bfEn qu\u00e9 deber\u00eda fijarme para escoger un software para bar?<\/h3><p>A la hora de elegir el programa que mejor se adapte a su negocio, hay que tener en cuenta una serie de funciones. Muchas de las caracter\u00edsticas que un buen programa de bar restaurante debe tener son:<\/p><ul><li><strong>Seguimiento de las ventas y de la caja.<\/strong> Al\u00a0 manejar grandes cantidades de efectivo, el programa permite hacer un seguimiento completo de todas las ventas y un control del efectivo.<\/li><li><strong>Gesti\u00f3n de empleados.<\/strong> Desde la aprobaci\u00f3n de las leyes de registro de jornada laboral, es necesario contar con una herramienta de\u00a0<strong>control de presencia<\/strong>. Algunos programas est\u00e1n empezando a implementar dicha funci\u00f3n. Adem\u00e1s, un control de turnos permite tener controlado que camarero atiende a cada pedido.<\/li><li><strong>Control de inventario. <\/strong>El control de stock permite conocer en todo momento que productos est\u00e1n a punto de agotarse para estar siempre preparado y poder reponer el inventario antes de que pueda agotarse.<\/li><li><strong>Gesti\u00f3n de precios.<\/strong> El programa debe ofrecer opciones para configurar ofertas y promociones, como tarjetas de fidelidad, d\u00edas especiales, control de precios entre barra y sal\u00f3n, etc.<\/li><li><strong>Funciones de administraci\u00f3n.<\/strong> Muchos de los programas incluyen funciones para la administraci\u00f3n del negocio. Esto simplifica las tareas de crear informes como facturas y albaranes, adem\u00e1s de controlar el pago de impuestos.<\/li><li><strong>Servicio t\u00e9cnico eficaz.\u00a0<\/strong>Es muy \u00fatil que el programa disponga de un servicio t\u00e9cnico para resolver cualquier duda o incidencia de la forma m\u00e1s simple posible. Algunos programas cuentan con soporte remoto, con el cu\u00e1l un t\u00e9cnico puede solucionar los problemas sin complicaciones.\u00a0<\/li><\/ul>\t\t\t\t\t\t\t\t<\/div>\n\t\t\t\t<\/div>\n\t\t\t\t<div class=\"elementor-element elementor-element-ffcdb3e elementor-widget elementor-widget-image\" data-id=\"ffcdb3e\" data-element_type=\"widget\" data-e-type=\"widget\" data-widget_type=\"image.default\">\n\t\t\t\t<div class=\"elementor-widget-container\">\n\t\t\t\t\t\t\t\t\t\t\t\t\t\t\t<img decoding=\"async\" width=\"604\" height=\"403\" src=\"https:\/\/programabarrestaurante.com\/wp-content\/uploads\/2019\/05\/bar-401546_1920-1024x683.jpg\" class=\"attachment-large size-large wp-image-65\" alt=\"\" srcset=\"https:\/\/programabarrestaurante.com\/wp-content\/uploads\/2019\/05\/bar-401546_1920-1024x683.jpg 1024w, https:\/\/programabarrestaurante.com\/wp-content\/uploads\/2019\/05\/bar-401546_1920-300x200.jpg 300w, https:\/\/programabarrestaurante.com\/wp-content\/uploads\/2019\/05\/bar-401546_1920-768x512.jpg 768w, https:\/\/programabarrestaurante.com\/wp-content\/uploads\/2019\/05\/bar-401546_1920.jpg 1920w\" sizes=\"(max-width: 604px) 100vw, 604px\" \/>\t\t\t\t\t\t\t\t\t\t\t\t\t\t\t<\/div>\n\t\t\t\t<\/div>\n\t\t\t\t\t<\/div>\n\t\t<\/div>\n\t\t\t\t\t<\/div>\n\t\t<\/section>\n\t\t\t\t<section class=\"elementor-section elementor-top-section elementor-element elementor-element-8ea19ac elementor-section-boxed elementor-section-height-default elementor-section-height-default\" data-id=\"8ea19ac\" data-element_type=\"section\" data-e-type=\"section\">\n\t\t\t\t\t\t<div class=\"elementor-container elementor-column-gap-default\">\n\t\t\t\t\t<div class=\"elementor-column elementor-col-100 elementor-top-column elementor-element elementor-element-2378f0a\" data-id=\"2378f0a\" data-element_type=\"column\" data-e-type=\"column\">\n\t\t\t<div class=\"elementor-widget-wrap elementor-element-populated\">\n\t\t\t\t\t\t<div class=\"elementor-element elementor-element-414179d elementor-widget elementor-widget-text-editor\" data-id=\"414179d\" data-element_type=\"widget\" data-e-type=\"widget\" data-widget_type=\"text-editor.default\">\n\t\t\t\t<div class=\"elementor-widget-container\">\n\t\t\t\t\t\t\t\t\t<h3>Doscar Bar-Restaurante<\/h3><p>Doscar Bar Restaurante es una de las opciones m\u00e1s completas a la hora de escoger un software de TPV y gesti\u00f3n para restaurante. Posee una interfaz intuitiva y muy completa, adem\u00e1s de nuemerosas funciones para la gesti\u00f3n del local.\u00a0<\/p><p>La \u00faltima versi\u00f3n cuenta con un sistema de control de presencia para estar al d\u00eda con la ley de registro de jornada laboral.<\/p><p>Tiene un precio accesible, con un solo pago \u00fanico y sin necesidad de pagar cuotas mensuales o anuales. Adem\u00e1s cuenta con un excelente servicio t\u00e9cnico remoto para solucionar cualquier problema.<\/p><p>Doscar Hosteler\u00eda posee una demo gratuita en su p\u00e1gina oficial, la cu\u00e1l podr\u00e1s probar para determinar que versi\u00f3n es la que mas se adapta a tus necesidades.<\/p>\t\t\t\t\t\t\t\t<\/div>\n\t\t\t\t<\/div>\n\t\t\t\t<div class=\"elementor-element elementor-element-4758ad0 elementor-widget elementor-widget-video\" data-id=\"4758ad0\" data-element_type=\"widget\" data-e-type=\"widget\" data-settings=\"{&quot;youtube_url&quot;:&quot;https:\\\/\\\/www.youtube.com\\\/watch?v=dtym3eDvMZg&quot;,&quot;video_type&quot;:&quot;youtube&quot;,&quot;controls&quot;:&quot;yes&quot;}\" data-widget_type=\"video.default\">\n\t\t\t\t<div class=\"elementor-widget-container\">\n\t\t\t\t\t\t\t<div class=\"elementor-wrapper elementor-open-inline\">\n\t\t\t<div class=\"elementor-video\"><\/div>\t\t<\/div>\n\t\t\t\t\t\t<\/div>\n\t\t\t\t<\/div>\n\t\t\t\t\t<\/div>\n\t\t<\/div>\n\t\t\t\t\t<\/div>\n\t\t<\/section>\n\t\t\t\t<\/div>\n\t\t","protected":false},"excerpt":{"rendered":"<p>El sector de la hosteler\u00eda requiere un ritmo de trabajo muy elevado, de forma que tener un TPV puede acelerar las tareas y hacerlas m\u00e1s sencillas. Hay programas equipados con TPV t\u00e1ctil, funciones de gesti\u00f3n y contabilidad, etc. \u00bfEn qu\u00e9 deber\u00eda fijarme para escoger un software para bar? A la hora de elegir el programa &hellip; <a href=\"https:\/\/programabarrestaurante.com\/\" class=\"more-link\">Seguir leyendo <span class=\"screen-reader-text\">\u00bfQue programa para bar-restaurante elegir?<\/span> <span class=\"meta-nav\">&rarr;<\/span><\/a><\/p>\n","protected":false},"author":2,"featured_media":0,"parent":0,"menu_order":1,"comment_status":"closed","ping_status":"closed","template":"","meta":{"footnotes":""},"class_list":["post-8","page","type-page","status-publish","hentry"],"_links":{"self":[{"href":"https:\/\/programabarrestaurante.com\/index.php?rest_route=\/wp\/v2\/pages\/8","targetHints":{"allow":["GET"]}}],"collection":[{"href":"https:\/\/programabarrestaurante.com\/index.php?rest_route=\/wp\/v2\/pages"}],"about":[{"href":"https:\/\/programabarrestaurante.com\/index.php?rest_route=\/wp\/v2\/types\/page"}],"author":[{"embeddable":true,"href":"https:\/\/programabarrestaurante.com\/index.php?rest_route=\/wp\/v2\/users\/2"}],"replies":[{"embeddable":true,"href":"https:\/\/programabarrestaurante.com\/index.php?rest_route=%2Fwp%2Fv2%2Fcomments&post=8"}],"version-history":[{"count":10,"href":"https:\/\/programabarrestaurante.com\/index.php?rest_route=\/wp\/v2\/pages\/8\/revisions"}],"predecessor-version":[{"id":66,"href":"https:\/\/programabarrestaurante.com\/index.php?rest_route=\/wp\/v2\/pages\/8\/revisions\/66"}],"wp:attachment":[{"href":"https:\/\/programabarrestaurante.com\/index.php?rest_route=%2Fwp%2Fv2%2Fmedia&parent=8"}],"curies":[{"name":"wp","href":"https:\/\/api.w.org\/{rel}","templated":true}]}}